{"id":14,"date":"2022-09-26T06:55:49","date_gmt":"2022-09-26T06:55:49","guid":{"rendered":"https:\/\/wydawnictwo.asp.krakow.pl\/?page_id=14"},"modified":"2025-03-11T11:47:57","modified_gmt":"2025-03-11T11:47:57","slug":"o-wydawnictwie","status":"publish","type":"page","link":"https:\/\/wydawnictwo.asp.krakow.pl\/","title":{"rendered":"O Wydawnictwie"},"content":{"rendered":"\n<div class=\"wp-block-group has-white-background-color has-background\" style=\"padding-top:1rem;padding-right:1rem;padding-bottom:1rem;padding-left:1rem\"><div class=\"wp-block-group__inner-container is-layout-constrained wp-container-core-group-is-layout-b23bccef wp-block-group-is-layout-constrained\">\n<div class=\"wp-block-columns is-style-default is-layout-flex wp-container-core-columns-is-layout-9d6595d7 wp-block-columns-is-layout-flex\">\n<div class=\"wp-block-column is-vertically-aligned-bottom is-layout-flow wp-block-column-is-layout-flow\" style=\"flex-basis:100vh\">\n<div class=\"wp-block-group\"><div class=\"wp-block-group__inner-container is-layout-flow wp-block-group-is-layout-flow\">\n<figure class=\"wp-block-image alignfull size-full is-style-default\"><img loading=\"lazy\" decoding=\"async\" width=\"1473\" height=\"1468\" src=\"https:\/\/wydawnictwo.asp.krakow.pl\/wp-content\/uploads\/2022\/09\/ksiazki-kopia.jpg\" alt=\"\" class=\"wp-image-75\"\/><\/figure>\n<\/div><\/div>\n\n\n\n<p class=\"has-black-color has-text-color has-normal-font-size\"><strong>Wydawnictwo Akademii Sztuk Pi\u0119knych im.&nbsp;Jana Matejki w&nbsp;Krakowie zosta\u0142o powo\u0142ane do&nbsp;\u017cycia Uchwa\u0142\u0105 Senatu ASP w&nbsp;2005 roku. Wcze\u015bniej publikacje (od roku 1998) ukazywa\u0142y si\u0119 pod szyldem Akademii.<\/strong> <\/p>\n\n\n\n<p>W ofercie proponujemy albumy, monografie i&nbsp;specjalistyczne opracowania z&nbsp;poszczeg\u00f3lnych dziedzin sztuki, podr\u0119czniki akademickie i&nbsp;katalogi wystaw najwybitniejszych polskich artyst\u00f3w. Publikacje obejmuj\u0105 tematyk\u0105 malarstwo, rze\u017ab\u0119, konserwacj\u0119 dzie\u0142 sztuki, design, architektur\u0119 wn\u0119trz, performance, grafik\u0119 i&nbsp;fotografi\u0119, a&nbsp;ich najwy\u017cszy poziom artystyczny i&nbsp;merytoryczny gwarantuj\u0105 autorzy \u2013 pracownicy Akademii Sztuk Pi\u0119knych. Serie wydawnicze od wielu lat s\u0142u\u017c\u0105 specjalistom naukowym wsparciem, a&nbsp;katalogi wystaw pozwalaj\u0105 pozostawi\u0107 trwa\u0142y \u015blad niepowtarzalnym wydarzeniom artystycznym. Wysoki poziom edytorski naszych album\u00f3w zosta\u0142&nbsp;<strong>wielokrotnie doceniony na&nbsp;konkursie Najpi\u0119kniejsze Ksi\u0105\u017cki Roku.&nbsp;<\/strong><\/p>\n<\/div>\n<\/div>\n<\/div><\/div>\n\n\n\n<p class=\"has-white-background-color has-background has-normal-font-size\">Wydawnictwo oferuje tak\u017ce periodyki: \u201eZeszyty Malarstwa\u201d, <a href=\"https:\/\/wk.asp.krakow.pl\/publikacje\/publikacje-studia-i-materialy\/\" target=\"_blank\" rel=\"noreferrer noopener\">\u201eStudia i\u00a0Materia\u0142y\u201d<\/a> (Wydzia\u0142 Konserwacji). W\u00a0latach 1996-2020 ukazywa\u0142 si\u0119 kwartalnik \u201eWiadomo\u015bci ASP\u201d, kt\u00f3rego kontynuacj\u0105 jest internetowy kwartalnik <a href=\"https:\/\/restartmag.art\" target=\"_blank\" rel=\"noreferrer noopener\">\u201eRestart\u201d<\/a>. Od 2021 roku wydajemy tak\u017ce czasopismo naukowo-artystyczne <a href=\"https:\/\/elementymag.art\/\" target=\"_blank\" rel=\"noreferrer noopener\">\u201eElementy. Studia i\u00a0Dizajn\u201d<\/a>. Na\u00a0dw\u00f3ch wydzia\u0142ach Akademii \u2013 Wydziale Form Przemys\u0142owych i\u00a0Wydziale Architektury Wn\u0119trz \u2013 wydawane s\u0105 ponadto internetowe czasopisma naukowe: <a href=\"https:\/\/formy.xyz\" target=\"_blank\" rel=\"noreferrer noopener\">\u201eFormy\u201d<\/a> (od 2019 roku) i\u00a0\u201einAWJournal\u201d (2021-2023). Wydawnictwo Akademii Sztuk Pi\u0119knych im. Jana Matejki w Krakowie publikuje recenzowane monografie naukowe: poziom I \u2013 80 pkt (Komunikat Ministra Nauki i Szkolnictwa Wy\u017cszego z dnia 18 stycznia 2019 roku).<\/p>\n\n\n\n<p class=\"has-normal-font-size\">Od lipca 2021 dzia\u0142a ksi\u0119garnia internetowa <a rel=\"noreferrer noopener\" href=\"https:\/\/www.artstore.asp.krakow.pl\/\" target=\"_blank\">Artstore<\/a>.<\/p>\n\n\n\n<hr class=\"wp-block-separator has-alpha-channel-opacity\"\/>\n\n\n\n<div class=\"wp-block-columns is-layout-flex wp-container-core-columns-is-layout-9d6595d7 wp-block-columns-is-layout-flex\">\n<div class=\"wp-block-column is-layout-flow wp-block-column-is-layout-flow\" style=\"flex-basis:100%\">\n<figure class=\"wp-block-gallery has-nested-images columns-4 is-cropped wp-block-gallery-1 is-layout-flex wp-block-gallery-is-layout-flex\">\n<figure class=\"wp-block-image size-full\"><a href=\"https:\/\/www.artstore.asp.krakow.pl\/product-page\/o-krytyce\"><img loading=\"lazy\" decoding=\"async\" width=\"295\" height=\"387\" data-id=\"264\" src=\"https:\/\/wydawnictwo.asp.krakow.pl\/wp-content\/uploads\/2025\/03\/butony_restart_10b.jpg\" alt=\"\" class=\"wp-image-264\" srcset=\"https:\/\/wydawnictwo.asp.krakow.pl\/wp-content\/uploads\/2025\/03\/butony_restart_10b.jpg 295w, https:\/\/wydawnictwo.asp.krakow.pl\/wp-content\/uploads\/2025\/03\/butony_restart_10b-229x300.jpg 229w\" sizes=\"auto, (max-width: 295px) 100vw, 295px\" \/><\/a><\/figure>\n\n\n\n<figure class=\"wp-block-image size-full\"><a href=\"https:\/\/www.artstore.asp.krakow.pl\/product-page\/o-aktywizmie-artystycznym-i-inne-eseje\"><img loading=\"lazy\" decoding=\"async\" width=\"295\" height=\"387\" data-id=\"263\" src=\"https:\/\/wydawnictwo.asp.krakow.pl\/wp-content\/uploads\/2025\/03\/butony_restart_8-102.jpg\" alt=\"\" class=\"wp-image-263\" srcset=\"https:\/\/wydawnictwo.asp.krakow.pl\/wp-content\/uploads\/2025\/03\/butony_restart_8-102.jpg 295w, https:\/\/wydawnictwo.asp.krakow.pl\/wp-content\/uploads\/2025\/03\/butony_restart_8-102-229x300.jpg 229w\" sizes=\"auto, (max-width: 295px) 100vw, 295px\" \/><\/a><\/figure>\n\n\n\n<figure class=\"wp-block-image size-full\"><a href=\"https:\/\/www.artstore.asp.krakow.pl\/product-page\/epitafium-bart%C5%82omieja-boreschowa-z-bazyliki-archikatedralnej-we-fromborku\"><img loading=\"lazy\" decoding=\"async\" width=\"295\" height=\"387\" data-id=\"269\" src=\"https:\/\/wydawnictwo.asp.krakow.pl\/wp-content\/uploads\/2025\/03\/butony_restart_12.jpg\" alt=\"\" class=\"wp-image-269\" srcset=\"https:\/\/wydawnictwo.asp.krakow.pl\/wp-content\/uploads\/2025\/03\/butony_restart_12.jpg 295w, https:\/\/wydawnictwo.asp.krakow.pl\/wp-content\/uploads\/2025\/03\/butony_restart_12-229x300.jpg 229w\" sizes=\"auto, (max-width: 295px) 100vw, 295px\" \/><\/a><\/figure>\n\n\n\n<figure class=\"wp-block-image size-full\"><a href=\"https:\/\/www.artstore.asp.krakow.pl\/product-page\/postprodukacja-kultura-jako-scenariusz-jak-sztuka-przeprogramowuje\"><img loading=\"lazy\" decoding=\"async\" width=\"295\" height=\"387\" data-id=\"262\" src=\"https:\/\/wydawnictwo.asp.krakow.pl\/wp-content\/uploads\/2025\/03\/butony_restart_8-10.jpg\" alt=\"\" class=\"wp-image-262\" srcset=\"https:\/\/wydawnictwo.asp.krakow.pl\/wp-content\/uploads\/2025\/03\/butony_restart_8-10.jpg 295w, https:\/\/wydawnictwo.asp.krakow.pl\/wp-content\/uploads\/2025\/03\/butony_restart_8-10-229x300.jpg 229w\" sizes=\"auto, (max-width: 295px) 100vw, 295px\" \/><\/a><\/figure>\n<\/figure>\n<\/div>\n<\/div>\n\n\n\n<hr class=\"wp-block-separator has-alpha-channel-opacity\"\/>\n\n\n\n<p>e-mail:&nbsp;<a href=\"mailto:wvdawnictwo@asp.krakow.pl\">wydawnictwo@asp.krakow.pl<\/a><\/p>\n\n\n\n<hr class=\"wp-block-separator has-alpha-channel-opacity\"\/>\n\n\n\n<p><a href=\"https:\/\/wydawnictwo.asp.krakow.pl\/polityka_prywatnosci_wyd_asp.pdf\">Polityka prywatno\u015bci<\/a><\/p>\n","protected":false},"excerpt":{"rendered":"<p>Wydawnictwo Akademii Sztuk Pi\u0119knych im.&nbsp;Jana Matejki w&nbsp;Krakowie zosta\u0142o powo\u0142ane do&nbsp;\u017cycia Uchwa\u0142\u0105 Senatu ASP w&nbsp;2005 roku. Wcze\u015bniej publikacje (od roku 1998) ukazywa\u0142y si\u0119 pod szyldem Akademii. W ofercie proponujemy albumy, monografie i&nbsp;specjalistyczne opracowania z&nbsp;poszczeg\u00f3lnych dziedzin sztuki, podr\u0119czniki akademickie i&nbsp;katalogi wystaw najwybitniejszych polskich artyst\u00f3w. Publikacje obejmuj\u0105 tematyk\u0105 malarstwo, rze\u017ab\u0119, konserwacj\u0119 dzie\u0142 sztuki, design, architektur\u0119 wn\u0119trz, performance, grafik\u0119&hellip; <a class=\"more-link\" href=\"https:\/\/wydawnictwo.asp.krakow.pl\/\">Czytaj dalej <span class=\"screen-reader-text\">O Wydawnictwie<\/span><\/a><\/p>\n","protected":false},"author":1,"featured_media":0,"parent":0,"menu_order":0,"comment_status":"closed","ping_status":"closed","template":"","meta":{"footnotes":""},"class_list":["post-14","page","type-page","status-publish","hentry","entry"],"_links":{"self":[{"href":"https:\/\/wydawnictwo.asp.krakow.pl\/index.php\/wp-json\/wp\/v2\/pages\/14","targetHints":{"allow":["GET"]}}],"collection":[{"href":"https:\/\/wydawnictwo.asp.krakow.pl\/index.php\/wp-json\/wp\/v2\/pages"}],"about":[{"href":"https:\/\/wydawnictwo.asp.krakow.pl\/index.php\/wp-json\/wp\/v2\/types\/page"}],"author":[{"embeddable":true,"href":"https:\/\/wydawnictwo.asp.krakow.pl\/index.php\/wp-json\/wp\/v2\/users\/1"}],"replies":[{"embeddable":true,"href":"https:\/\/wydawnictwo.asp.krakow.pl\/index.php\/wp-json\/wp\/v2\/comments?post=14"}],"version-history":[{"count":32,"href":"https:\/\/wydawnictwo.asp.krakow.pl\/index.php\/wp-json\/wp\/v2\/pages\/14\/revisions"}],"predecessor-version":[{"id":278,"href":"https:\/\/wydawnictwo.asp.krakow.pl\/index.php\/wp-json\/wp\/v2\/pages\/14\/revisions\/278"}],"wp:attachment":[{"href":"https:\/\/wydawnictwo.asp.krakow.pl\/index.php\/wp-json\/wp\/v2\/media?parent=14"}],"curies":[{"name":"wp","href":"https:\/\/api.w.org\/{rel}","templated":true}]}}

<div class="wp-block-group has-white-background-color has-background" style="padding-top:1rem;padding-right:1rem;padding-bottom:1rem;padding-left:1rem"><div class="wp-block-group__inner-container is-layout-constrained wp-container-core-group-is-layout-b23bccef wp-block-group-is-layout-constrained">
<div class="wp-block-columns is-style-default is-layout-flex wp-container-core-columns-is-layout-9d6595d7 wp-block-columns-is-layout-flex">
<div class="wp-block-column is-vertically-aligned-bottom is-layout-flow wp-block-column-is-layout-flow" style="flex-basis:100vh">
<div class="wp-block-group"><div class="wp-block-group__inner-container is-layout-flow wp-block-group-is-layout-flow">
<figure class="wp-block-image alignfull size-full is-style-default"><img loading="lazy" decoding="async" width="1473" height="1468" src="https://wydawnictwo.asp.krakow.pl/wp-content/uploads/2022/09/ksiazki-kopia.jpg" alt="" class="wp-image-75"/></figure>
</div></div>



<p class="has-black-color has-text-color has-normal-font-size"><strong>Wydawnictwo Akademii Sztuk Pięknych im.&nbsp;Jana Matejki w&nbsp;Krakowie zostało powołane do&nbsp;życia Uchwałą Senatu ASP w&nbsp;2005 roku. Wcześniej publikacje (od roku 1998) ukazywały się pod szyldem Akademii.</strong> </p>



<p>W ofercie proponujemy albumy, monografie i&nbsp;specjalistyczne opracowania z&nbsp;poszczególnych dziedzin sztuki, podręczniki akademickie i&nbsp;katalogi wystaw najwybitniejszych polskich artystów. Publikacje obejmują tematyką malarstwo, rzeźbę, konserwację dzieł sztuki, design, architekturę wnętrz, performance, grafikę i&nbsp;fotografię, a&nbsp;ich najwyższy poziom artystyczny i&nbsp;merytoryczny gwarantują autorzy – pracownicy Akademii Sztuk Pięknych. Serie wydawnicze od wielu lat służą specjalistom naukowym wsparciem, a&nbsp;katalogi wystaw pozwalają pozostawić trwały ślad niepowtarzalnym wydarzeniom artystycznym. Wysoki poziom edytorski naszych albumów został&nbsp;<strong>wielokrotnie doceniony na&nbsp;konkursie Najpiękniejsze Książki Roku.&nbsp;</strong></p>
</div>
</div>
</div></div>



<p class="has-white-background-color has-background has-normal-font-size">Wydawnictwo oferuje także periodyki: „Zeszyty Malarstwa”, <a href="https://wk.asp.krakow.pl/publikacje/publikacje-studia-i-materialy/" target="_blank" rel="noreferrer noopener">„Studia i Materiały”</a> (Wydział Konserwacji). W latach 1996-2020 ukazywał się kwartalnik „Wiadomości ASP”, którego kontynuacją jest internetowy kwartalnik <a href="https://restartmag.art" target="_blank" rel="noreferrer noopener">„Restart”</a>. Od 2021 roku wydajemy także czasopismo naukowo-artystyczne <a href="https://elementymag.art/" target="_blank" rel="noreferrer noopener">„Elementy. Studia i Dizajn”</a>. Na dwóch wydziałach Akademii – Wydziale Form Przemysłowych i Wydziale Architektury Wnętrz – wydawane są ponadto internetowe czasopisma naukowe: <a href="https://formy.xyz" target="_blank" rel="noreferrer noopener">„Formy”</a> (od 2019 roku) i „inAWJournal” (2021-2023). Wydawnictwo Akademii Sztuk Pięknych im. Jana Matejki w Krakowie publikuje recenzowane monografie naukowe: poziom I – 80 pkt (Komunikat Ministra Nauki i Szkolnictwa Wyższego z dnia 18 stycznia 2019 roku).</p>



<p class="has-normal-font-size">Od lipca 2021 działa księgarnia internetowa <a rel="noreferrer noopener" href="https://www.artstore.asp.krakow.pl/" target="_blank">Artstore</a>.</p>



<hr class="wp-block-separator has-alpha-channel-opacity"/>



<div class="wp-block-columns is-layout-flex wp-container-core-columns-is-layout-9d6595d7 wp-block-columns-is-layout-flex">
<div class="wp-block-column is-layout-flow wp-block-column-is-layout-flow" style="flex-basis:100%">
<figure class="wp-block-gallery has-nested-images columns-4 is-cropped wp-block-gallery-1 is-layout-flex wp-block-gallery-is-layout-flex">
<figure class="wp-block-image size-full"><a href="https://www.artstore.asp.krakow.pl/product-page/o-krytyce"><img loading="lazy" decoding="async" width="295" height="387" data-id="264" src="https://wydawnictwo.asp.krakow.pl/wp-content/uploads/2025/03/butony_restart_10b.jpg" alt="" class="wp-image-264" srcset="https://wydawnictwo.asp.krakow.pl/wp-content/uploads/2025/03/butony_restart_10b.jpg 295w, https://wydawnictwo.asp.krakow.pl/wp-content/uploads/2025/03/butony_restart_10b-229x300.jpg 229w" sizes="auto, (max-width: 295px) 100vw, 295px" /></a></figure>



<figure class="wp-block-image size-full"><a href="https://www.artstore.asp.krakow.pl/product-page/o-aktywizmie-artystycznym-i-inne-eseje"><img loading="lazy" decoding="async" width="295" height="387" data-id="263" src="https://wydawnictwo.asp.krakow.pl/wp-content/uploads/2025/03/butony_restart_8-102.jpg" alt="" class="wp-image-263" srcset="https://wydawnictwo.asp.krakow.pl/wp-content/uploads/2025/03/butony_restart_8-102.jpg 295w, https://wydawnictwo.asp.krakow.pl/wp-content/uploads/2025/03/butony_restart_8-102-229x300.jpg 229w" sizes="auto, (max-width: 295px) 100vw, 295px" /></a></figure>



<figure class="wp-block-image size-full"><a href="https://www.artstore.asp.krakow.pl/product-page/epitafium-bart%C5%82omieja-boreschowa-z-bazyliki-archikatedralnej-we-fromborku"><img loading="lazy" decoding="async" width="295" height="387" data-id="269" src="https://wydawnictwo.asp.krakow.pl/wp-content/uploads/2025/03/butony_restart_12.jpg" alt="" class="wp-image-269" srcset="https://wydawnictwo.asp.krakow.pl/wp-content/uploads/2025/03/butony_restart_12.jpg 295w, https://wydawnictwo.asp.krakow.pl/wp-content/uploads/2025/03/butony_restart_12-229x300.jpg 229w" sizes="auto, (max-width: 295px) 100vw, 295px" /></a></figure>



<figure class="wp-block-image size-full"><a href="https://www.artstore.asp.krakow.pl/product-page/postprodukacja-kultura-jako-scenariusz-jak-sztuka-przeprogramowuje"><img loading="lazy" decoding="async" width="295" height="387" data-id="262" src="https://wydawnictwo.asp.krakow.pl/wp-content/uploads/2025/03/butony_restart_8-10.jpg" alt="" class="wp-image-262" srcset="https://wydawnictwo.asp.krakow.pl/wp-content/uploads/2025/03/butony_restart_8-10.jpg 295w, https://wydawnictwo.asp.krakow.pl/wp-content/uploads/2025/03/butony_restart_8-10-229x300.jpg 229w" sizes="auto, (max-width: 295px) 100vw, 295px" /></a></figure>
</figure>
</div>
</div>



<hr class="wp-block-separator has-alpha-channel-opacity"/>



<p>e-mail:&nbsp;<a href="mailto:wvdawnictwo@asp.krakow.pl">wydawnictwo@asp.krakow.pl</a></p>



<hr class="wp-block-separator has-alpha-channel-opacity"/>



<p><a href="https://wydawnictwo.asp.krakow.pl/polityka_prywatnosci_wyd_asp.pdf">Polityka prywatności</a></p>

<p>Wydawnictwo Akademii Sztuk Pięknych im.&nbsp;Jana Matejki w&nbsp;Krakowie zostało powołane do&nbsp;życia Uchwałą Senatu ASP w&nbsp;2005 roku. Wcześniej publikacje (od roku 1998) ukazywały się pod szyldem Akademii. W ofercie proponujemy albumy, monografie i&nbsp;specjalistyczne opracowania z&nbsp;poszczególnych dziedzin sztuki, podręczniki akademickie i&nbsp;katalogi wystaw najwybitniejszych polskich artystów. Publikacje obejmują tematyką malarstwo, rzeźbę, konserwację dzieł sztuki, design, architekturę wnętrz, performance, grafikę&hellip; <a class="more-link" href="https://wydawnictwo.asp.krakow.pl/">Czytaj dalej <span class="screen-reader-text">O Wydawnictwie</span></a></p>
